{"id":2530,"date":"2023-01-19T10:34:09","date_gmt":"2023-01-19T16:34:09","guid":{"rendered":"https:\/\/cpa.org.gt\/desarrollo\/wordpress\/?page_id=2530"},"modified":"2026-01-09T11:47:24","modified_gmt":"2026-01-09T17:47:24","slug":"plan-de-prestaciones-2","status":"publish","type":"page","link":"https:\/\/cpa.org.gt\/desarrollo\/wordpress\/plan-de-prestaciones-2\/","title":{"rendered":"Plan de Prestaciones"},"content":{"rendered":"\t\t<div data-elementor-type=\"wp-page\" data-elementor-id=\"2530\" class=\"elementor elementor-2530\">\n\t\t\t\t\t\t<section class=\"elementor-section elementor-top-section elementor-element elementor-element-6b76d2c elementor-section-boxed elementor-section-height-default elementor-section-height-default wpr-particle-no wpr-jarallax-no wpr-parallax-no wpr-sticky-section-no\" data-id=\"6b76d2c\" data-element_type=\"section\">\n\t\t\t\t\t\t<div class=\"elementor-container elementor-column-gap-default\">\n\t\t\t\t\t<div class=\"elementor-column elementor-col-100 elementor-top-column elementor-element elementor-element-79de72e\" data-id=\"79de72e\" data-element_type=\"column\">\n\t\t\t<div class=\"elementor-widget-wrap elementor-element-populated\">\n\t\t\t\t\t\t<div class=\"elementor-element elementor-element-95f6ba4 elementor-widget elementor-widget-video\" data-id=\"95f6ba4\" data-element_type=\"widget\" data-settings=\"{&quot;youtube_url&quot;:&quot;https:\\\/\\\/youtu.be\\\/zznmFqVRB_0?si=_KUw-r6rBadCt3SH&quot;,&quot;autoplay&quot;:&quot;yes&quot;,&quot;play_on_mobile&quot;:&quot;yes&quot;,&quot;loop&quot;:&quot;yes&quot;,&quot;video_type&quot;:&quot;youtube&quot;,&quot;controls&quot;:&quot;yes&quot;}\" data-widget_type=\"video.default\">\n\t\t\t\t<div class=\"elementor-widget-container\">\n\t\t\t\t\t\t\t<div class=\"elementor-wrapper elementor-open-inline\">\n\t\t\t<div class=\"elementor-video\"><\/div>\t\t<\/div>\n\t\t\t\t\t\t<\/div>\n\t\t\t\t<\/div>\n\t\t\t\t\t<\/div>\n\t\t<\/div>\n\t\t\t\t\t<\/div>\n\t\t<\/section>\n\t\t\t\t<section class=\"elementor-section elementor-top-section elementor-element elementor-element-a64fd15 elementor-section-boxed elementor-section-height-default elementor-section-height-default wpr-particle-no wpr-jarallax-no wpr-parallax-no wpr-sticky-section-no\" data-id=\"a64fd15\" data-element_type=\"section\">\n\t\t\t\t\t\t<div class=\"elementor-container elementor-column-gap-default\">\n\t\t\t\t\t<div class=\"elementor-column elementor-col-100 elementor-top-column elementor-element elementor-element-1a3d142\" data-id=\"1a3d142\" data-element_type=\"column\">\n\t\t\t<div class=\"elementor-widget-wrap elementor-element-populated\">\n\t\t\t\t\t\t<div class=\"elementor-element elementor-element-f5acd8f elementor-widget elementor-widget-text-editor\" data-id=\"f5acd8f\" data-element_type=\"widget\" data-widget_type=\"text-editor.default\">\n\t\t\t\t<div class=\"elementor-widget-container\">\n\t\t\t\t\t\t\t\t\t<h3 style=\"text-align: center;\"><span style=\"color: #002876;\"><strong>PLAN DE PRESTACIONES<\/strong><\/span><\/h3><p><strong><span style=\"color: #002876;\">Requisitos para solicitud de pago de Prestaci\u00f3n Post Mortem<\/span><\/strong><\/p><ol><li>Colegiado Activo y al d\u00eda al mes del suceso.<\/li><li>Constancia Colegiado Activo del colegiado (valor Q5.00) extendida por el Colegio.<\/li><li>Formulario PP-02-2021 de reclamo, con firma del beneficiario (un documento por beneficiario) legalizada por un notario <a href=\"https:\/\/cpa.org.gt\/desarrollo\/wordpress\/wp-content\/uploads\/2025\/10\/PP-02-2021-Formulario-Reclamante_.pdf\">(Descargar formulario).<\/a><\/li><li>Presenta solicitud dirigida a Junta Directiva, una por beneficiario <a href=\"https:\/\/cpa.org.gt\/desarrollo\/wordpress\/wp-content\/uploads\/2023\/12\/CARTA-POST-MORTEM-CPA-2024.pdf\">(Descargar formulario).<\/a><\/li><li>Fotocopia de Documento Personal de Identificaci\u00f3n del Colegiado.<\/li><li>Certificado de nacimiento del Colegiado.<\/li><li>Certificaci\u00f3n de defunci\u00f3n del agremiado emitido por Registro Nacional de las Personas -RENAP-.<\/li><li>Fotocopia del Documento Personal de Identificaci\u00f3n de beneficiarios.<\/li><li>Certificado de nacimiento de Beneficiarios.<\/li><li>Certificado de matrimonio (en caso de que beneficiario sea el c\u00f3nyuge).<\/li><li>Certificaci\u00f3n de Nacimiento de beneficiarios menores y fotocopia de Documento Personal de Identificaci\u00f3n del representante legal. (en caso aplicara).<\/li><\/ol><div><span style=\"color: #002876;\"><strong>Requisitos para solicitud de pago de Prestaci\u00f3n por Incapacidad Total<\/strong><\/span><\/div><div><strong>\u00a0<\/strong><\/div><ol><li>Colegiado Activo y al d\u00eda al mes en curso .<\/li><li>Constancia de Colegiado Activo.<\/li><li>Formulario PP-01-2021 presentado por el agremiado y legalizado por un notario <a href=\"https:\/\/cpa.org.gt\/desarrollo\/wordpress\/wp-content\/uploads\/2023\/09\/FORMULARIO-PP-01-2021___CPA.pdf\">(Descargar formulario)<\/a>.<\/li><li>Presentar solicitud dirigida a la Junta Directiva especificando lugar para recibir notificaciones <a href=\"https:\/\/cpa.org.gt\/desarrollo\/wordpress\/wp-content\/uploads\/2023\/01\/Solicitud-de-Prestacion-por-Incapacidad-Total.pdf\">(Descargar formulario)<\/a>.<\/li><li>Formulario PP-03-2021 de solicitud de anticipo, con firma legalizada por un notario <a href=\"https:\/\/cpa.org.gt\/desarrollo\/wordpress\/wp-content\/uploads\/2025\/10\/PP-03-2021-CPA_.pdf\">(Descargar formulario)<\/a>.<\/li><li>Certificado de nacimiento del Colegiado.<\/li><li>Fotocopia de Documento Personal de Identificaci\u00f3n del Colegiado.<\/li><li>2 certificaciones (impresas en hoja membretada) de m\u00e9dicos colegiados activos indicando que se encuentra imposibilitado para trabajar y especificar la causa detallando tipo de incapacidad y fecha de adquisici\u00f3n de la incapacidad y adjuntar historial m\u00e9dico extendido por el IGSS.<\/li><li>Declaraci\u00f3n jurada, en la cual haga constar que continuara pagando sus cuotas de colegiado activo, cuotas ordinarias y extraordinarias del Plan de Prestaciones hasta el momento de su fallecimiento (<a href=\"https:\/\/cpa.org.gt\/desarrollo\/wordpress\/wp-content\/uploads\/2023\/12\/ACTA-NOTARIALINCAPACIDAD-TOTAL.docx\">Descargar formulario<\/a>).<\/li><\/ol><div><span style=\"color: #002876;\"><strong>Requisitos para solicitud de pago de Prestaciones por Enfermedad Terminal<\/strong><\/span><\/div><div><strong>\u00a0<\/strong><\/div><div><ol><li>Colegiado Activo y al d\u00eda al mes en curso.<\/li><li>Constancia de Colegiado Activo.<\/li><li>Formulario PP-01-2021 presentado por el agremiado y legalizado por un notario <a href=\"https:\/\/cpa.org.gt\/desarrollo\/wordpress\/wp-content\/uploads\/2023\/09\/FORMULARIO-PP-01-2021___CPA.pdf\">(Descargar formulario)<\/a>.<\/li><li>Presentar solicitud dirigida a la Junta Directiva especificando lugar para recibir notificaciones <a href=\"https:\/\/cpa.org.gt\/desarrollo\/wordpress\/wp-content\/uploads\/2025\/07\/Solicitud-de-Prestacion-por-Enfermedad-Terminal.pdf\">(Descargar formulario).<\/a><\/li><li>Formulario PP-03-2021 de solicitud de anticipo, con firma legalizada por un notario <a href=\"https:\/\/cpa.org.gt\/desarrollo\/wordpress\/wp-content\/uploads\/2025\/10\/PP-03-2021-CPA_.pdf\">(Descargar formulario)<\/a>.<\/li><li>Certificado de nacimiento del Colegiado.<\/li><li>Fotocopia de Documento Personal de Identificaci\u00f3n del Colegiado.<\/li><li>2 certificaciones (impresas en hoja membretada) de m\u00e9dicos colegiados activos indicando que se encuentra imposibilitado para trabajar y especificar la causa detallando tipo de incapacidad y fecha de adquisici\u00f3n de la incapacidad y adjuntar historial m\u00e9dico extendido por el IGSS.<\/li><li>Declaraci\u00f3n jurada, en la cual haga constar que continuara pagando sus cuotas de colegiado activo, cuotas ordinarias y extraordinarias del Plan de Prestaciones hasta el momento de su fallecimiento <a href=\"https:\/\/cpa.org.gt\/desarrollo\/wordpress\/wp-content\/uploads\/2023\/12\/ACTA-NOTARIALIENFERMEDAD-TERMINAL.docx\">(Descargar formulario)<\/a>.<\/li><\/ol><\/div>\t\t\t\t\t\t\t\t<\/div>\n\t\t\t\t<\/div>\n\t\t\t\t\t<\/div>\n\t\t<\/div>\n\t\t\t\t\t<\/div>\n\t\t<\/section>\n\t\t\t\t<section class=\"elementor-section elementor-top-section elementor-element elementor-element-44927ca elementor-section-boxed elementor-section-height-default elementor-section-height-default wpr-particle-no wpr-jarallax-no wpr-parallax-no wpr-sticky-section-no\" data-id=\"44927ca\" data-element_type=\"section\">\n\t\t\t\t\t\t<div class=\"elementor-container elementor-column-gap-default\">\n\t\t\t\t\t<div class=\"elementor-column elementor-col-100 elementor-top-column elementor-element elementor-element-5e95a75\" data-id=\"5e95a75\" data-element_type=\"column\">\n\t\t\t<div class=\"elementor-widget-wrap elementor-element-populated\">\n\t\t\t\t\t\t<div class=\"elementor-element elementor-element-bc24165 elementor-view-default elementor-widget elementor-widget-icon\" data-id=\"bc24165\" data-element_type=\"widget\" data-widget_type=\"icon.default\">\n\t\t\t\t<div class=\"elementor-widget-container\">\n\t\t\t\t\t\t\t<div class=\"elementor-icon-wrapper\">\n\t\t\t<div class=\"elementor-icon\">\n\t\t\t<i aria-hidden=\"true\" class=\"fas fa-file-download\"><\/i>\t\t\t<\/div>\n\t\t<\/div>\n\t\t\t\t\t\t<\/div>\n\t\t\t\t<\/div>\n\t\t\t\t<div class=\"elementor-element elementor-element-b7d8330 elementor-widget elementor-widget-text-editor\" data-id=\"b7d8330\" data-element_type=\"widget\" data-widget_type=\"text-editor.default\">\n\t\t\t\t<div class=\"elementor-widget-container\">\n\t\t\t\t\t\t\t\t\t<p style=\"text-align: center;\">Descargar archivos<\/p>\t\t\t\t\t\t\t\t<\/div>\n\t\t\t\t<\/div>\n\t\t\t\t\t<\/div>\n\t\t<\/div>\n\t\t\t\t\t<\/div>\n\t\t<\/section>\n\t\t\t\t<section class=\"elementor-section elementor-top-section elementor-element elementor-element-26630ad elementor-section-boxed elementor-section-height-default elementor-section-height-default wpr-particle-no wpr-jarallax-no wpr-parallax-no wpr-sticky-section-no\" data-id=\"26630ad\" data-element_type=\"section\">\n\t\t\t\t\t\t<div class=\"elementor-container elementor-column-gap-default\">\n\t\t\t\t\t<div class=\"elementor-column elementor-col-100 elementor-top-column elementor-element elementor-element-6e2d503\" data-id=\"6e2d503\" data-element_type=\"column\">\n\t\t\t<div class=\"elementor-widget-wrap elementor-element-populated\">\n\t\t\t\t\t\t<div class=\"elementor-element elementor-element-d272139 elementor-align-center elementor-widget elementor-widget-button\" data-id=\"d272139\" data-element_type=\"widget\" data-widget_type=\"button.default\">\n\t\t\t\t<div class=\"elementor-widget-container\">\n\t\t\t\t\t\t\t\t\t<div class=\"elementor-button-wrapper\">\n\t\t\t\t\t<a class=\"elementor-button elementor-button-link elementor-size-xs elementor-animation-grow\" href=\"https:\/\/cpa.org.gt\/desarrollo\/wordpress\/wp-content\/uploads\/2023\/01\/Reglamento-de-Plan-de-Prestaciones-del-Colegio-de-Contadores-CCPAG.pdf\">\n\t\t\t\t\t\t<span class=\"elementor-button-content-wrapper\">\n\t\t\t\t\t\t\t\t\t<span class=\"elementor-button-text\">Reglamento de Plan de Prestaciones del Colegio<\/span>\n\t\t\t\t\t<\/span>\n\t\t\t\t\t<\/a>\n\t\t\t\t<\/div>\n\t\t\t\t\t\t\t\t<\/div>\n\t\t\t\t<\/div>\n\t\t\t\t<div class=\"elementor-element elementor-element-7f8298d elementor-align-center elementor-widget elementor-widget-button\" data-id=\"7f8298d\" data-element_type=\"widget\" data-widget_type=\"button.default\">\n\t\t\t\t<div class=\"elementor-widget-container\">\n\t\t\t\t\t\t\t\t\t<div class=\"elementor-button-wrapper\">\n\t\t\t\t\t<a class=\"elementor-button elementor-button-link elementor-size-xs elementor-animation-shrink\" href=\"https:\/\/cpa.org.gt\/desarrollo\/wordpress\/wp-content\/uploads\/2023\/09\/FORMULARIO-PP-01-2021___CPA.pdf\">\n\t\t\t\t\t\t<span class=\"elementor-button-content-wrapper\">\n\t\t\t\t\t\t\t\t\t<span class=\"elementor-button-text\">Formulario PP-01-2021<\/span>\n\t\t\t\t\t<\/span>\n\t\t\t\t\t<\/a>\n\t\t\t\t<\/div>\n\t\t\t\t\t\t\t\t<\/div>\n\t\t\t\t<\/div>\n\t\t\t\t<div class=\"elementor-element elementor-element-19d275f elementor-align-center elementor-widget elementor-widget-button\" data-id=\"19d275f\" data-element_type=\"widget\" data-widget_type=\"button.default\">\n\t\t\t\t<div class=\"elementor-widget-container\">\n\t\t\t\t\t\t\t\t\t<div class=\"elementor-button-wrapper\">\n\t\t\t\t\t<a class=\"elementor-button elementor-button-link elementor-size-xs elementor-animation-shrink\" href=\"https:\/\/cpa.org.gt\/desarrollo\/wordpress\/wp-content\/uploads\/2025\/10\/PP-02-2021-Formulario-Reclamante_.pdf\">\n\t\t\t\t\t\t<span class=\"elementor-button-content-wrapper\">\n\t\t\t\t\t\t\t\t\t<span class=\"elementor-button-text\">Formulario PP-02-2021<\/span>\n\t\t\t\t\t<\/span>\n\t\t\t\t\t<\/a>\n\t\t\t\t<\/div>\n\t\t\t\t\t\t\t\t<\/div>\n\t\t\t\t<\/div>\n\t\t\t\t<div class=\"elementor-element elementor-element-06ec9ca elementor-align-center elementor-widget elementor-widget-button\" data-id=\"06ec9ca\" data-element_type=\"widget\" data-widget_type=\"button.default\">\n\t\t\t\t<div class=\"elementor-widget-container\">\n\t\t\t\t\t\t\t\t\t<div class=\"elementor-button-wrapper\">\n\t\t\t\t\t<a class=\"elementor-button elementor-button-link elementor-size-xs elementor-animation-shrink\" href=\"https:\/\/cpa.org.gt\/desarrollo\/wordpress\/wp-content\/uploads\/2025\/10\/PP-03-2021-CPA_.pdf\">\n\t\t\t\t\t\t<span class=\"elementor-button-content-wrapper\">\n\t\t\t\t\t\t\t\t\t<span class=\"elementor-button-text\">Formulario PP-03-2021<\/span>\n\t\t\t\t\t<\/span>\n\t\t\t\t\t<\/a>\n\t\t\t\t<\/div>\n\t\t\t\t\t\t\t\t<\/div>\n\t\t\t\t<\/div>\n\t\t\t\t\t<\/div>\n\t\t<\/div>\n\t\t\t\t\t<\/div>\n\t\t<\/section>\n\t\t\t\t<section class=\"elementor-section elementor-top-section elementor-element elementor-element-9902017 elementor-section-boxed elementor-section-height-default elementor-section-height-default wpr-particle-no wpr-jarallax-no wpr-parallax-no wpr-sticky-section-no\" data-id=\"9902017\" data-element_type=\"section\">\n\t\t\t\t\t\t<div class=\"elementor-container elementor-column-gap-default\">\n\t\t\t\t\t<div class=\"elementor-column elementor-col-100 elementor-top-column elementor-element elementor-element-87aa226\" data-id=\"87aa226\" data-element_type=\"column\">\n\t\t\t<div class=\"elementor-widget-wrap elementor-element-populated\">\n\t\t\t\t\t\t<div class=\"elementor-element elementor-element-2ece5d3 elementor-widget elementor-widget-video\" data-id=\"2ece5d3\" data-element_type=\"widget\" data-settings=\"{&quot;youtube_url&quot;:&quot;https:\\\/\\\/youtu.be\\\/xeV2kGeOBak&quot;,&quot;autoplay&quot;:&quot;yes&quot;,&quot;play_on_mobile&quot;:&quot;yes&quot;,&quot;loop&quot;:&quot;yes&quot;,&quot;mute&quot;:&quot;yes&quot;,&quot;video_type&quot;:&quot;youtube&quot;,&quot;controls&quot;:&quot;yes&quot;}\" data-widget_type=\"video.default\">\n\t\t\t\t<div class=\"elementor-widget-container\">\n\t\t\t\t\t\t\t<div class=\"elementor-wrapper elementor-open-inline\">\n\t\t\t<div class=\"elementor-video\"><\/div>\t\t<\/div>\n\t\t\t\t\t\t<\/div>\n\t\t\t\t<\/div>\n\t\t\t\t\t<\/div>\n\t\t<\/div>\n\t\t\t\t\t<\/div>\n\t\t<\/section>\n\t\t\t\t<\/div>\n\t\t","protected":false},"excerpt":{"rendered":"<p>https:\/\/youtu.be\/zznmFqVRB_0?si=_KUw-r6rBadCt3SH PLAN DE PRESTACIONES Requisitos para solicitud de pago de Prestaci\u00f3n Post Mortem Colegiado Activo y al d\u00eda al mes del suceso. Constancia Colegiado Activo del colegiado (valor Q5.00) extendida por el Colegio. Formulario PP-02-2021 de reclamo, con firma del beneficiario (un documento por beneficiario) legalizada por un notario (Descargar formulario). Presenta solicitud dirigida a Junta Directiva, una por beneficiario (Descargar formulario). Fotocopia de Documento Personal de Identificaci\u00f3n del Colegiado. Certificado de nacimiento del Colegiado. Certificaci\u00f3n de defunci\u00f3n del agremiado emitido por Registro Nacional de las Personas -RENAP-. Fotocopia del Documento Personal de Identificaci\u00f3n de beneficiarios. Certificado de nacimiento de Beneficiarios. Certificado de matrimonio (en caso de que beneficiario sea el c\u00f3nyuge). Certificaci\u00f3n de Nacimiento de beneficiarios menores y fotocopia de Documento Personal de Identificaci\u00f3n del representante legal. (en caso aplicara). Requisitos para solicitud de pago de Prestaci\u00f3n por Incapacidad Total\u00a0 Colegiado Activo y al d\u00eda al mes en curso . Constancia de Colegiado Activo. Formulario PP-01-2021 presentado por el agremiado y legalizado por un notario (Descargar formulario). Presentar solicitud dirigida a la Junta Directiva especificando lugar para recibir notificaciones (Descargar formulario). Formulario PP-03-2021 de solicitud de anticipo, con firma legalizada por un notario (Descargar formulario). Certificado de nacimiento del Colegiado. Fotocopia de Documento Personal de Identificaci\u00f3n del Colegiado. 2 certificaciones (impresas en hoja membretada) de m\u00e9dicos colegiados activos indicando que se encuentra imposibilitado para trabajar y especificar la causa detallando tipo de incapacidad y fecha de adquisici\u00f3n de la incapacidad y adjuntar historial m\u00e9dico extendido por el IGSS. Declaraci\u00f3n jurada, en la cual haga constar que continuara pagando sus cuotas de colegiado activo, cuotas ordinarias y extraordinarias del Plan de Prestaciones hasta el momento de su fallecimiento (Descargar formulario). Requisitos para solicitud de pago de Prestaciones por Enfermedad Terminal\u00a0 Colegiado Activo y al d\u00eda al mes en curso. Constancia de Colegiado Activo. Formulario PP-01-2021 presentado por el agremiado y legalizado por un notario (Descargar formulario). Presentar solicitud dirigida a la Junta Directiva especificando lugar para recibir notificaciones (Descargar formulario). Formulario PP-03-2021 de solicitud de anticipo, con firma legalizada por un notario (Descargar formulario). Certificado de nacimiento del Colegiado. Fotocopia de Documento Personal de Identificaci\u00f3n del Colegiado. 2 certificaciones (impresas en hoja membretada) de m\u00e9dicos colegiados activos indicando que se encuentra imposibilitado para trabajar y especificar la causa detallando tipo de incapacidad y fecha de adquisici\u00f3n de la incapacidad y adjuntar historial m\u00e9dico extendido por el IGSS. Declaraci\u00f3n jurada, en la cual haga constar que continuara pagando sus cuotas de colegiado activo, cuotas ordinarias y extraordinarias del Plan de Prestaciones hasta el momento de su fallecimiento (Descargar formulario). Descargar archivos Reglamento de Plan de Prestaciones del Colegio Formulario PP-01-2021 Formulario PP-02-2021 Formulario PP-03-2021<\/p>\n","protected":false},"author":1,"featured_media":0,"parent":0,"menu_order":0,"comment_status":"closed","ping_status":"closed","template":"","meta":{"zakra_sidebar_layout":"centered","zakra_remove_content_margin":false,"zakra_sidebar":"customizer","zakra_transparent_header":"customizer","zakra_logo":0,"zakra_main_header_style":"default","zakra_menu_item_color":"","zakra_menu_item_hover_color":"","zakra_menu_item_active_color":"","zakra_menu_active_style":"","zakra_page_header":true,"_cbd_carousel_blocks":"[]","_eb_attr":"","footnotes":""},"class_list":["post-2530","page","type-page","status-publish","hentry"],"_links":{"self":[{"href":"https:\/\/cpa.org.gt\/desarrollo\/wordpress\/wp-json\/wp\/v2\/pages\/2530","targetHints":{"allow":["GET"]}}],"collection":[{"href":"https:\/\/cpa.org.gt\/desarrollo\/wordpress\/wp-json\/wp\/v2\/pages"}],"about":[{"href":"https:\/\/cpa.org.gt\/desarrollo\/wordpress\/wp-json\/wp\/v2\/types\/page"}],"author":[{"embeddable":true,"href":"https:\/\/cpa.org.gt\/desarrollo\/wordpress\/wp-json\/wp\/v2\/users\/1"}],"replies":[{"embeddable":true,"href":"https:\/\/cpa.org.gt\/desarrollo\/wordpress\/wp-json\/wp\/v2\/comments?post=2530"}],"version-history":[{"count":92,"href":"https:\/\/cpa.org.gt\/desarrollo\/wordpress\/wp-json\/wp\/v2\/pages\/2530\/revisions"}],"predecessor-version":[{"id":6707,"href":"https:\/\/cpa.org.gt\/desarrollo\/wordpress\/wp-json\/wp\/v2\/pages\/2530\/revisions\/6707"}],"wp:attachment":[{"href":"https:\/\/cpa.org.gt\/desarrollo\/wordpress\/wp-json\/wp\/v2\/media?parent=2530"}],"curies":[{"name":"wp","href":"https:\/\/api.w.org\/{rel}","templated":true}]}}